 x be d(-3). What is the highest common factor of k and x?
5
Suppose -4*v - 4*h - 2084 = 0, 3*v - h + 1584 = 3*h. Let f = v - -748. Calculate the highest common factor of f and 28.
28
Let x = 36 + 16. What is the greatest common factor of 26 and x?
26
Suppose -34*g + 27*g + 147 = 0. Suppose o - 70 = -5*h, 5*h - 56 = 2*o + 14. What is the highest common factor of g and h?
7
Let x be -4 + (12/(-3) - -158). What is the greatest common divisor of 30 and x?
30
Let c be 1862/42 + 2/3. Calculate the greatest common divisor of 9 and c.
9
Let i = 9 + -7. Suppose 0 = -5*n + a + 27, -4 = i*n - 3*a - 7. Suppose 0*f + 2*f - 3*q + 3 = 0, -10 = -5*f + 4*q. What is the greatest common factor of n and f?
6
Suppose 2*g = g + 368. What is the greatest common factor of 46 and g?
46
Let c(o) = o**3 - 6*o**2 + 6. Let h be c(6). Let v(k) = k**2 - 7*k + 9. Let p be v(h). What is the greatest common divisor of 12 and p?
3
Suppose i = 5*i. Let p = i - -3. Suppose 3*h = -3*t + 21, -2*h = -3*t - 2 + p. Calculate the greatest common divisor of 16 and h.
4
Suppose 2*d = 16 + 12. Let b be ((-3)/6)/(2/(-168)). Calculate the highest common factor of b and d.
14
Suppose h = 2 - 1. Let l be (h - 1)*(-4)/8. Suppose -2*y - 4*d + 44 = l, -18 - 71 = -5*y - 3*d. Calculate the greatest common divisor of y and 8.
8
Let b(a) = 9*a**2. Let i be b(2). Let s be 2/4 + 249/6. Suppose -5*l = f + 3*f - 65, 3*l - s = -3*f. What is the greatest common factor of l and i?
9
Let y be 1 + 8/6*3. Let u(m) = 45*m**2 - 3*m - 3. Let g be u(-1). Calculate the greatest common factor of y and g.
5
Let k be -7*12*2/28. Let l(z) = -z**3 - 6*z**2 + 7. Let x be l(k). What is the highest common factor of x and 7?
7
Let x = 0 - 0. Suppose -82 = -5*n - 2*o, 3*n + x*o - o = 47. Let d(r) = -r**2 - 25*r + 130. Let j be d(-23). Calculate the highest common divisor of j and n.
16
Suppose -56 = -2*n - 2*t, 0 = -0*n - 3*n + 3*t + 60. What is the highest common divisor of 60 and n?
12
Let w be 94/18 + (154/(-63))/11. Calculate the greatest common factor of 4 and w.
1
Suppose a = -3*a + 3*g + 100, -a + 25 = 2*g. Suppose -f = -a + 7. What is the greatest common factor of f and 2?
2
Let d(i) be the first derivative of 5*i**2 + 11*i - 1. Let r be d(7). Calculate the greatest common divisor of 9 and r.
9
Suppose -5*c = 3*p - p - 169, 8 = 4*p. Let b = 34 - 12. What is the greatest common divisor of b and c?
11
Suppose -x = x. Let h be x*1/3 + 6. What is the greatest common divisor of h and 2?
2
Let u = -1 + 4. Suppose r - 2*r + u = 0. Calculate the highest common factor of 3 and r.
3
Let y = 42 - 23. Suppose 0 = -2*r + t - 3 + 42, y = r - t. What is the greatest common divisor of r and 50?
10
Suppose -w - 124 = -5*w. Let c(d) = -9*d - 5. Let j be c(-2). Suppose -3*o - j = -w. Calculate the highest common factor of o and 1.
1
Let l be (-3)/(-2)*8/2. Suppose -2 = g + c, 5*g - 11 = c + 9. What is the highest common divisor of l and g?
3
Suppose 0 = -5*n + 189 - 19. Suppose 5*c - 3*c = n. Calculate the greatest common divisor of c and 119.
17
Let r(j) = j**2 + j + 1. Let k be r(-2). Suppose -8*a - 36 = -12*a. What is the greatest common divisor of a and k?
3
Let y be 84/18*(-6)/(-4). Calculate the greatest common divisor of 35 and y.
7
Suppose 0*b - w - 82 = -3*b, 0 = 4*b - w - 109. Suppose 41 = 4*z - 3*p, 4*z - 5*p - b = 20. Calculate the greatest common divisor of 2 and z.
2
Suppose 2*d - j - j - 722 = 0, -j = 2*d - 728. Let b be (2/(-3))/((-2)/d). Suppose 31 + 2 = 3*c. What is the highest common factor of b and c?
11
Suppose 151 - 101 = 5*b. Suppose a - 163 = -2*p, -4*a - 388 = -p - 4*p. What is the greatest common factor of p and b?
10
Let v(j) = -j**3 - 10*j**2 - 30*j - 20. Let c be v(-6). What is the greatest common divisor of c and 28?
4
Suppose 2*y - 16 = 6*y - 2*u, -8 = 4*u. Let b be (y - (2 + -3))*1. Let v be (-3)/(0 + -1) - b. Calculate the highest common factor of 63 and v.
7
Let r be (3/9)/(1/(-3)). Let f(j) = -3*j + 1. Let s be f(r). Suppose 0*d - d - 4*g + 28 = 0, -5*d - 4*g = -92. Calculate the greatest common divisor of d and s.
4
Let l be (2/4)/((-1)/132). Let i be (0 - (-1 - l)) + 2. Let b be i/(-6) - 2/4. What is the highest common divisor of 30 and b?
10
Let c = 2 + -2. Let n be (2 - 1)*(c - -1). Suppose -5*j + 21 = n. What is the highest common divisor of 12 and j?
4
Suppose 39 = 2*w + j, -w + 36 = -0*w - 5*j. Calculate the greatest common factor of w and 147.
21
Suppose -2*f = -5*f + 147. Suppose f = 2*j - 111. What is the greatest common divisor of j and 10?
10
Suppose -3*u - 3 = -6*u. Suppose -4*w - 3 = -r + 10, 0 = -3*r - 3*w - 6. Let z be 4/2*1/r. What is the greatest common factor of z and u?
1
Suppose 5*r - 17 = -4*t - 3, -14 = r + 5*t. Suppose -150 = -r*x + x. What is the highest common divisor of 10 and x?
10
Let a be -1 + 0 - -10*5. Let t be (211 - -2)*1/3. Suppose a = p - t. Calculate the highest common factor of p and 15.
15
Suppose 39 = -2*o + 2*q - 217, 2*o + 4*q + 256 = 0. Let b be (-9)/(-6)*o/(-6). Suppose -b = -3*h - h. Calculate the highest common divisor of 8 and h.
8
Suppose 0*a + 3*n = -a + 2, 5*a + n = 66. Let g(v) = 4*v + 3. Let j be g(8). What is the greatest common factor of a and j?
7
Suppose -5 + 7 = -c. Let y be 23 - (-5 - -3)/c. Calculate the greatest common factor of y and 11.
11
Suppose -2*a = 4*p - a - 57, 3*a = -2*p + 21. Suppose -3*z + 294 = 24. Calculate the greatest common factor of z and p.
15
Let p be ((-3)/4)/((-8)/896). Calculate the highest common divisor of p and 24.
12
Suppose -2 = 2*l - 8. Suppose 0 = d + i + 6, -3*d - 10 = -2*d - l*i. Let b = d + 25. What is the highest common divisor of b and 144?
18
Let g = 5 + 13. Let k be 0/(-1*3) - -135. Suppose -4*d + k = -d. What is the highest common factor of d and g?
9
Let s(w) = -w**2 + 10*w - 10. Let j be s(6). Let f = -90 + 188. What is the highest common factor of j and f?
14
Suppose 12*p = 11*p + 7. Suppose y - 168 = -2*y. What is the greatest common divisor of y and p?
7
Let q be (-9 - 1)*4/(-8). Suppose -5*d - 16 = -3*c, q*c = 2*d + 12 + 2. Calculate the highest common divisor of 4 and c.
2
Let h(c) = -2*c**2 + 8*c - 6. Let j be h(5). Let d = -2 - j. Calculate the greatest common factor of 112 and d.
14
Suppose 4*u + 26 = 2. Let l be (-27)/12*32/u. Calculate the greatest common divisor of l and 12.
12
Suppose -5*d + 64 = -4*q, 4*d - 2*q - 45 - 5 = 0. Suppose 3*x - 4 = 7*x, -21 = -4*w - 3*x. Calculate the greatest common factor of w and d.
6
Suppose -342*g - 150 = -347*g. What is the greatest common factor of g and 50?
10
Let t be 140/(-30) + 2/(-6). Let w(l) = -5*l + 3. Let y be w(t). Calculate the highest common divisor of y and 7.
7
Let o = 1 + 0. Let v(c) = 5*c**2 - 2*c + 1. Let t be v(o). Suppose -t = 5*f - b - 63, -5*b - 7 = -f. What is the highest common factor of 60 and f?
12
Let y = 52 + -4. Let s(g) = -2*g**2 - 7*g + 2*g**2 + 4 - g**2. Let w be s(-4). Calculate the greatest common factor of w and y.
16
Suppose 5*l + 1 = 16. Suppose -f = -2*b - 19, 2*f - l*b = -0*f + 38. Calculate the greatest common factor of f and 57.
19
Suppose -z + 16 = -33. What is the highest common divisor of 49 and z?
49
Suppose 0*a + 4*w = 5*a - 75, -4*w = 0. Suppose 0 = -7*d + 4*d + a. Calculate the greatest common divisor of 45 and d.
5
Suppose f - 2*t - 9 = -3*t, -t = -3. What is the highest common divisor of f and 18?
6
Let z = -134 + 143. Calculate the highest common factor of z and 243.
9
Suppose 6*i + 4 = 3*i - 2*t, -5*t + 5 = 0. Let z(n) = 3*n**2 + 2*n + 1. Let g be z(i). What is the greatest common factor of g and 9?
9
Let s = -9 + 18. Let o = s - 13. Let q = -2 - o. Calculate the highest common divisor of q and 22.
2
Suppose 4*u = -0*u + 108. Suppose -h + 1 + 5 = 0. Let w be h/u - (-178)/9. Calculate the greatest common divisor of 5 and w.
5
Let y be ((-66)/(-4))/3*(24 + -6). What is the highest common divisor of 9 and y?
9
Suppose 3*j - j = 22. Let w be (-1)/4 - (-84)/16. Suppose 161 = w*c + k, 4*k + 82 = c + c. What is the highest common factor of j and c?
11
Suppose 4*p = -p + 650. Let d = p - 70. What is the highest common divisor of 12 and d?
12
Suppose y - 135 + 28 = -4*p, -p + 30 = -3*y. Suppose -4 = -2*n, 2*b + 4*n + p = 77. What is the greatest common factor of b and 189?
21
Let q = -71 + 137. Calculate the